7664.
2, 3, 29, 702017
List the prime factors of 7153760685.
3, 5, 476917379
What are the prime factors of 151337140?
2, 5, 79, 95783
List the prime factors of 226478334.
2, 3, 43, 877823
What are the prime factors of 51289747?
23, 257, 8677
What are the prime factors of 1042031848?
2, 11, 13, 139, 6553
List the prime factors of 507367961.
47, 83, 1567
What are the prime factors of 43267617?
3, 19, 89, 2843
What are the prime factors of 943832517?
3, 5021, 62659
What are the prime factors of 99307615?
5, 11, 1805593
List the prime factors of 1759248810.
2, 3, 5, 11, 1223, 1453
List the prime factors of 1272584620.
2, 5, 1061, 59971
List the prime factors of 70541761.
70541761
What are the prime factors of 806582197?
229, 827, 4259
What are the prime factors of 506163603?
3, 11, 457, 33563
List the prime factors of 69707312.
2, 199, 21893
List the prime factors of 431184368.
2, 103, 261641
What are the prime factors of 121788359?
7, 11, 71, 22277
List the prime factors of 1859481659.
7, 15331, 17327
List the prime factors of 224638930.
2, 5, 23, 29, 33679
What are the prime factors of 1060259116?
2, 7, 37866397
List the prime factors of 33775580.
2, 5, 223, 7573
List the prime factors of 485488759.
7, 227, 277, 1103
List the prime factors of 199612770.
2, 3, 5, 7, 251, 541
List the prime factors of 1723336733.
17, 47, 2156867
What are the prime factors of 103253132?
2, 25813283
List the prime factors of 209907578.
2, 104953789
What are the prime factors of 1438718303?
11, 130792573
What are the prime factors of 77074631?
419, 183949
What are the prime factors of 163502178?
2, 3, 7, 41, 94949
List the prime factors of 32299247.
211, 153077
List the prime factors of 1002632857.
5573, 179909
What are the prime factors of 94608399?
3, 2053, 15361
What are the prime factors of 144779736?
2, 3, 6032489
What are the prime factors of 55849061?
101, 379, 1459
What are the prime factors of 2059775272?
2, 137, 1879357
What are the prime factors of 637106285?
5, 191, 667127
What are the prime factors of 12854637?
3, 131, 10903
What are the prime factors of 10455748?
2, 17, 179, 859
List the prime factors of 20410227.
3, 359, 6317
What are the prime factors of 407105026?
2, 367, 554639
What are the prime factors of 959451676?
2, 61, 3932179
List the prime factors of 4383064294.
2, 7, 313076021
List the prime factors of 395708991.
3, 19, 6942263
List the prime factors of 1304158616.
2, 163019827
List the prime factors of 4090167350.
2, 5, 81803347
List the prime factors of 477880525.
5, 109, 157, 1117
What are the prime factors of 1557479862?
2, 3, 313, 276443
List the prime factors of 689942338.
2, 173, 1994053
What are the prime factors of 497991997?
181, 2751337
What are the prime factors of 499445408?
2, 7, 11, 18427
List the prime factors of 87762151.
87762151
What are the prime factors of 744971686?
2, 372485843
List the prime factors of 541865809.
23, 1024321
List the prime factors of 2759916489.
3, 11, 163, 389, 1319
What are the prime factors of 57550584?
2, 3, 7, 13, 2027
What are the prime factors of 198623053?
17, 687277
What are the prime factors of 54735809?
229, 479, 499
What are the prime factors of 135742516?
2, 7, 13, 83, 4493
List the prime factors of 78907900.
2, 5, 113, 6983
List the prime factors of 202830.
2, 3, 5, 6761
List the prime factors of 403027100.
2, 5, 7, 575753
List the prime factors of 347075759.
347075759
What are the prime factors of 26353435?
5, 37, 167, 853
What are the prime factors of 824353737?
3, 274784579
List the prime factors of 31461527.
4877, 6451
List the prime factors of 456835914.
2, 3, 25379773
List the prime factors of 2692624992.
2, 3, 761, 36857
What are the prime factors of 20025626?
2, 17, 53, 11113
List the prime factors of 615855893.
67, 127, 157, 461
List the prime factors of 31146533.
11, 17, 193, 863
What are the prime factors of 30515910?
2, 3, 5, 167, 6091
What are the prime factors of 1344399010?
2, 5, 31, 1913, 2267
What are the prime factors of 61127971?
17, 151, 23813
List the prime factors of 117137013.
3, 7, 79, 70607
What are the prime factors of 393078039?
3, 409, 457, 701
What are the prime factors of 77288156?
2, 11, 1756549
List the prime factors of 1946536958.
2, 17, 3367711
List the prime factors of 233092443.
3, 77697481
List the prime factors of 287621571.
3, 95873857
List the prime factors of 111146517.
3, 829, 14897
What are the prime factors of 49350545?
5, 1951, 5059
List the prime factors of 988192076.
2, 3467, 71257
List the prime factors of 100281086.
2, 50140543
List the prime factors of 259438388.
2, 11, 19, 310333
What are the prime factors of 260399162?
2, 130199581
List the prime factors of 1580988193.
389, 4064237
What are the prime factors of 36111713?
11, 73, 44971
List the prime factors of 78993814.
2, 367, 107621
List the prime factors of 918440853.
3, 11, 23, 1210067
What are the prime factors of 3727257666?
2, 3, 11, 173, 326437
What are the prime factors of 2361684515?
5, 19, 101, 2437
What are the prime factors of 811001200?
2, 5, 2027503
List the prime factors of 517652839.
11, 17, 41, 107, 631
List the prime factors of 82022282.
2, 109, 251, 1499
What are the prime factors of 27041260?
2, 5, 709, 1907
What are the prime factors of 32766304?
2, 1023947
What are the prime factors of 1246037988?
2, 3, 13, 7987423
What are the prime factors of 574253577?
3, 569, 37379
What are the prime factors of 137827291?
7, 3821, 5153
List the prime factors of 45308044.
2, 11327011
List the prime factors of 34107710.
2, 5, 7, 13, 37, 1013
What are the prime factors of 2456901572?
2, 614225393
What are the prime factors of 368299026?
2, 3, 1699, 12043
List the prime factors of 147202607.
147202607
What are the prime factors of 646036003?
157, 4114879
List the prime factors of 295399882.
2, 349, 423209
List the prime factors of 18647581.
3623, 5147
What are the prime factors of 92298299?
92298299
What are the prime factors of 2441214232?
2, 43, 7096553
List the prime factors of 2637239646.
2, 3, 15607, 28163
List the prime factors of 12024971.
7, 1717853
List the prime factors of 168376020.
2, 3, 5, 2806267
What are the prime factors of 1260758191?
7, 11, 251, 9319
List the prime factors of 894660.
2, 3, 5, 13, 31, 37
List the prime factors of 80886728.
2, 13, 181, 4297
List the prime factors of 117105461.
11, 53, 200867
List the prime factors of 1055739308.
2, 13, 2711, 7489
List the prime factors of 1641476496.
2, 3, 11, 43, 197, 367
What are the prime factors of 642284748?
2, 3, 7, 121369
List the prime factors of 697557350.
2, 5, 7, 31, 239, 269
What are the prime factors of 57357443?
11, 13, 401101
What are the prime factors of 42183810?
2, 3, 5, 468709
What are the prime factors of 123205256?
2, 17, 113, 8017
List the prime factors of 46861948.
2, 7, 23, 72767
What are the prime factors of 307191161?
233, 541, 2437
List the prime factors of 766918589.
83, 499, 18517
List the prime factors of 1992159697.
11, 23, 7874149
What are the prime factors of 365050843?
17, 37, 547, 1061
List the prime factors of 63042960.
2, 3, 5, 347, 757
List the prime factors of 325401942.
2, 3, 19, 2854403
List the prime factors of 2803124896.
2, 11, 13, 397, 1543
What are the prime factors of 37350946?
2, 3253, 5741
List the prime factors of 3199655264.
2, 13, 7691479
List the prime factors of 919232562.
2, 3, 153205427
List the prime factors of 1020459193.
13, 23, 3412907
What are the prime factors of 89148460?
2, 5, 23, 43, 4507
List the prime factors of 12994489.
12994489
List the prime factors of 7178816.
2, 223, 503
List the prime factors of 2162681680.
2, 5, 27033521
What are the prime factors of 33029586?
2, 3, 229, 2671
List the prime factors of 239070412.
2, 7, 1219747
List the prime factors of 2221991478.
2, 3, 7, 409, 43117
What are the prime factors of 13121075?
5, 11, 47713
List the prime factors of 276874301.
11, 25170391
What are the prime factors of 127416308?
2, 37, 860921
What are the prime factors of 1655599421?
7, 1381, 171263
What are the prime factors of 479408720?
2, 5, 7, 43, 463
What are the prime factors of 91913985?
3, 5, 17, 137, 877
List the prime factors of 980700230.
2, 5, 98070023
List the prime factors of 669788828.
2, 167447207
List the prime factors of 